
What is the remainder when 1618 is divided by 91?
71
Calculate the remainder when 522 is divided by 106.
98
Calculate the remainder when 11618 is divided by 1055.
13
Calculate the remainder when 33384 is divided by 175.
134
Calculate the remainder when 62613 is divided by 21.
12
What is the remainder when 1768 is divided by 1037?
731
What is the remainder when 13779 is divided by 112?
3
Calculate the remainder when 149035 is divided by 1263.
1
Calculate the remainder when 237931 is divided by 36.
7
What is the remainder when 43791 is divided by 457?
376
Calculate the remainder when 6414 is divided by 429.
408
Calculate the remainder when 9673 is divided by 1413.
1195
Calculate the remainder when 3091 is divided by 1416.
259
What is the remainder when 2666 is divided by 1372?
1294
Calculate the remainder when 64137 is divided by 64135.
2
What is the remainder when 529766 is divided by 21?
20
What is the remainder when 8387 is divided by 265?
172
What is the remainder when 101102 is divided by 137?
133
What is the remainder when 2817 is divided by 2467?
350
What is the remainder when 1374 is divided by 380?
234
Calculate the remainder when 1572399 is divided by 25.
24
Calculate the remainder when 18859 is divided by 92.
91
Calculate the remainder when 16032 is divided by 617.
607
Calculate the remainder when 71067 is divided by 198.
183
Calculate the remainder when 86387 is divided by 187.
180
Calculate the remainder when 45252 is divided by 3232.
4
Calculate the remainder when 18558 is divided by 67.
66
Calculate the remainder when 320 is divided by 105.
5
What is the remainder when 31834 is divided by 15678?
478
What is the remainder when 1186 is divided by 70?
66
What is the remainder when 6391 is divided by 423?
46
What is the remainder when 8217 is divided by 78?
27
Calculate the remainder when 4755 is divided by 434.
415
What is the remainder when 365873 is divided by 73?
70
What is the remainder when 11935 is divided by 2111?
1380
Calculate the remainder when 112593 is divided by 19.
18
What is the remainder when 11673 is divided by 108?
9
What is the remainder when 48256 is divided by 48229?
27
What is the remainder when 29150 is divided by 1316?
198
What is the remainder when 5535 is divided by 1819?
78
Calculate the remainder when 64834 is divided by 174.
106
What is the remainder when 13541 is divided by 589?
583
What is the remainder when 3045 is divided by 758?
13
What is the remainder when 8513 is divided by 8513?
0
What is the remainder when 25540 is divided by 27?
25
What is the remainder when 18177 is divided by 303?
300
Calculate the remainder when 626 is divided by 279.
68
Calculate the remainder when 117437 is divided by 46.
45
Calculate the remainder when 928 is divided by 17.
10
What is the remainder when 139197 is divided by 23199?
3
Calculate the remainder when 61988 is divided by 30984.
20
What is the remainder when 184760 is divided by 86?
32
Calculate the remainder when 3940 is divided by 826.
636
Calculate the remainder when 5759 is divided by 192.
191
Calculate the remainder when 803220 is divided by 5116.
8
Calculate the remainder when 2082120 is divided by 158.
154
What is the remainder when 8213 is divided by 1021?
45
What is the remainder when 4169 is divided by 1012?
121
What is the remainder when 14919 is divided by 14908?
11
What is the remainder when 219939 is divided by 140?
139
What is the remainder when 7666 is divided by 757?
96
What is the remainder when 7440 is divided by 8?
0
What is the remainder when 16472 is divided by 25?
22
What is the remainder when 13741 is divided by 1524?
25
What is the remainder when 573 is divided by 214?
145
What is the remainder when 4395 is divided by 368?
347
What is the remainder when 7073 is divided by 32?
1
Calculate the remainder when 27747 is divided by 6936.
3
What is the remainder when 530266 is divided by 7?
2
What is the remainder when 2623 is divided by 1274?
75
What is the remainder when 315677 is divided by 80?
77
Calculate the remainder when 741338 is divided by 2020.
2018
What is the remainder when 58979 is divided by 251?
245
What is the remainder when 59285 is divided by 65?
5
Calculate the remainder when 9255 is divided by 12.
3
What is the remainder when 43881 is divided by 9?
6
Calculate the remainder when 482413 is divided by 176.
173
Calculate the remainder when 67792 is divided by 67777.
15
What is the remainder when 105515 is divided by 136?
115
What is the remainder when 10930 is divided by 368?
258
Calculate the remainder when 26217 is divided by 62.
53
What is the remainder when 395 is divided by 343?
52
Calculate the remainder when 2800 is divided by 63.
28
What is the remainder when 617912 is divided by 617900?
12
Calculate the remainder when 5773 is divided by 468.
157
Calculate the remainder when 5263 is divided by 2628.
7
Calculate the remainder when 22732 is divided by 133.
122
What is the remainder when 984 is divided by 676?
308
Calculate the remainder when 9587 is divided by 235.
187
What is the remainder when 3939 is divided by 194?
59
Calculate the remainder when 7604 is divided by 7295.
309
What is the remainder when 1744 is divided by 68?
44
Calculate the remainder when 93612 is divided by 107.
94
What is the remainder when 33430 is divided by 229?
225
Calculate the remainder when 1167 is divided by 360.
87
What is the remainder when 41563 is divided by 848?
11
Calculate the remainder when 4944 is divided by 378.
30
What is the remainder when 305756 is divided by 224?
220
Calculate the remainder when 17873 is divided by 5767.
572
Calculate the remainder when 82198 is divided by 15.
13
What is the remainder when 172283 is divided by 187?
56
Calculate the remainder when 235069 is divided by 2902.
7
Calculate the remainder when 590 is divided by 60.
50
What is the remainder when 448013 is divided by 262?
255
Calculate the remainder when 17527 is divided by 161.
139
Calculate the remainder when 920445 is divided by 94.
91
What is the remainder when 33598 is divided by 24?
22
What is the remainder when 107258 is divided by 411?
398
Calculate the remainder when 6385 is divided by 709.
4
What is the remainder when 35259 is divided by 410?
409
Calculate the remainder when 10649 is divided by 170.
109
What is the remainder when 52866 is divided by 30?
6
What is the remainder when 20071 is divided by 609?
583
Calculate the remainder when 2406 is divided by 126.
12
Calculate the remainder when 6700 is divided by 6564.
136
What is the remainder when 24731 is divided by 12254?
223
What is the remainder when 5100 is divided by 390?
30
Calculate the remainder when 23803 is divided by 115.
113
What is the remainder when 33191 is divided by 8283?
59
What is the remainder when 977424 is divided by 379?
362
What is the remainder when 422 is divided by 171?
80
Calculate the remainder when 1717 is divided by 76.
45
Calculate the remainder when 350139 is divided by 20.
19
Calculate the remainder when 1272 is divided by 888.
384
Calculate the remainder when 375401 is divided by 93845.
21
What is the remainder when 10489 is divided by 584?
561
What is the remainder when 18954 is divided by 327?
315
What is the remainder when 7554 is divided by 245?
204
What is the remainder when 18166 is divided by 18145?
21
Calculate the remainder when 46165 is divided by 57.
52
What is the remainder when 2086 is divided by 686?
28
Calculate the remainder when 492 is divided by 17.
16
What is the remainder when 58821 is divided by 344?
341
Calculate the remainder when 3865 is divided by 204.
193
What is the remainder when 771 is divided by 81?
42
Calculate the remainder when 2536 is divided by 82.
76
What is the remainder when 19841 is divided by 1526?
3
What is the remainder when 5911 is divided by 2926?
59
What is the remainder when 315766 is divided by 416?
22
What is the remainder when 120305 is divided by 120289?
16
Calculate the remainder when 5054 is divided by 420.
14
Calculate the remainder when 11490 is divided by 2867.
22
Calculate the remainder when 31346 is divided by 201.
191
What is the remainder when 37461 is divided by 371?
361
Calculate the remainder when 22808 is divided by 154.
16
Calculate the remainder when 213 is divided by 51.
9
What is the r